{"id":83,"date":"2015-07-10T15:53:39","date_gmt":"2015-07-10T14:53:39","guid":{"rendered":"http:\/\/www.relevesnotairesrhone.fr\/?page_id=83"},"modified":"2021-04-16T20:23:04","modified_gmt":"2021-04-16T19:23:04","slug":"a-propos-contact","status":"publish","type":"page","link":"https:\/\/www.relevesnotairesrhone.fr\/?page_id=83","title":{"rendered":"A PROPOS &#8211; CONTACT"},"content":{"rendered":"\n<figure class=\"wp-block-image size-large\"><img loading=\"lazy\" decoding=\"async\" width=\"1024\" height=\"156\" src=\"https:\/\/www.relevesnotairesrhone.fr\/wp-content\/uploads\/2015\/07\/3E1474-1680-00003-rogne-1-1024x156.jpg\" alt=\"\" class=\"wp-image-196\" srcset=\"https:\/\/www.relevesnotairesrhone.fr\/wp-content\/uploads\/2015\/07\/3E1474-1680-00003-rogne-1-1024x156.jpg 1024w, https:\/\/www.relevesnotairesrhone.fr\/wp-content\/uploads\/2015\/07\/3E1474-1680-00003-rogne-1-300x46.jpg 300w\" sizes=\"auto, (max-width: 1024px) 100vw, 1024px\" \/><\/figure>\n\n\n\n<p class=\"has-text-align-center\">*<\/p>\n\n\n\n<p class=\"has-text-align-center has-medium-font-size\">Propri\u00e9taire et \u00e9diteur du site: Andr\u00e9 Drutel<\/p>\n\n\n\n<p class=\"has-text-align-center has-medium-font-size\">H\u00e9bergeur: ARCHIVE-HOST 36 rue Jeannin 21000 Dijon<\/p>\n\n\n\n<p><\/p>\n\n\n\n<p class=\"has-text-align-center\">Contact: andredrutel@gmail.com<\/p>\n\n\n\n<figure class=\"wp-block-image size-large\"><img loading=\"lazy\" decoding=\"async\" width=\"1024\" height=\"147\" src=\"https:\/\/www.relevesnotairesrhone.fr\/wp-content\/uploads\/2015\/07\/3E1474-1668-00001-rogne-1-1024x147.jpg\" alt=\"\" class=\"wp-image-198\" srcset=\"https:\/\/www.relevesnotairesrhone.fr\/wp-content\/uploads\/2015\/07\/3E1474-1668-00001-rogne-1-1024x147.jpg 1024w, https:\/\/www.relevesnotairesrhone.fr\/wp-content\/uploads\/2015\/07\/3E1474-1668-00001-rogne-1-300x43.jpg 300w\" sizes=\"auto, (max-width: 1024px) 100vw, 1024px\" \/><\/figure>\n","protected":false},"excerpt":{"rendered":"<p>* Propri\u00e9taire et \u00e9diteur du site: Andr\u00e9 Drutel H\u00e9bergeur: ARCHIVE-HOST 36 rue Jeannin 21000 Dijon Contact: andredrutel@gmail.com<\/p>\n","protected":false},"author":2,"featured_media":0,"parent":0,"menu_order":0,"comment_status":"open","ping_status":"closed","template":"page-templates\/full-width.php","meta":{"_monsterinsights_skip_tracking":false,"_monsterinsights_sitenote_active":false,"_monsterinsights_sitenote_note":"","_monsterinsights_sitenote_category":0,"site-sidebar-layout":"default","site-content-layout":"","ast-site-content-layout":"default","site-content-style":"default","site-sidebar-style":"default","ast-global-header-display":"","ast-banner-title-visibility":"","ast-main-header-display":"","ast-hfb-above-header-display":"","ast-hfb-below-header-display":"","ast-hfb-mobile-header-display":"","site-post-title":"","ast-breadcrumbs-content":"","ast-featured-img":"","footer-sml-layout":"","ast-disable-related-posts":"","theme-transparent-header-meta":"","adv-header-id-meta":"","stick-header-meta":"","header-above-stick-meta":"","header-main-stick-meta":"","header-below-stick-meta":"","astra-migrate-meta-layouts":"default","ast-page-background-enabled":"default","ast-page-background-meta":{"desktop":{"background-color":"var(--ast-global-color-4)","background-image":"","background-repeat":"repeat","background-position":"center center","background-size":"auto","background-attachment":"scroll","background-type":"","background-media":"","overlay-type":"","overlay-color":"","overlay-opacity":"","overlay-gradient":""},"tablet":{"background-color":"","background-image":"","background-repeat":"repeat","background-position":"center center","background-size":"auto","background-attachment":"scroll","background-type":"","background-media":"","overlay-type":"","overlay-color":"","overlay-opacity":"","overlay-gradient":""},"mobile":{"background-color":"","background-image":"","background-repeat":"repeat","background-position":"center center","background-size":"auto","background-attachment":"scroll","background-type":"","background-media":"","overlay-type":"","overlay-color":"","overlay-opacity":"","overlay-gradient":""}},"ast-content-background-meta":{"desktop":{"background-color":"var(--ast-global-color-5)","background-image":"","background-repeat":"repeat","background-position":"center center","background-size":"auto","background-attachment":"scroll","background-type":"","background-media":"","overlay-type":"","overlay-color":"","overlay-opacity":"","overlay-gradient":""},"tablet":{"background-color":"var(--ast-global-color-5)","background-image":"","background-repeat":"repeat","background-position":"center center","background-size":"auto","background-attachment":"scroll","background-type":"","background-media":"","overlay-type":"","overlay-color":"","overlay-opacity":"","overlay-gradient":""},"mobile":{"background-color":"var(--ast-global-color-5)","background-image":"","background-repeat":"repeat","background-position":"center center","background-size":"auto","background-attachment":"scroll","background-type":"","background-media":"","overlay-type":"","overlay-color":"","overlay-opacity":"","overlay-gradient":""}},"footnotes":""},"class_list":["post-83","page","type-page","status-publish","hentry"],"_links":{"self":[{"href":"https:\/\/www.relevesnotairesrhone.fr\/index.php?rest_route=\/wp\/v2\/pages\/83","targetHints":{"allow":["GET"]}}],"collection":[{"href":"https:\/\/www.relevesnotairesrhone.fr\/index.php?rest_route=\/wp\/v2\/pages"}],"about":[{"href":"https:\/\/www.relevesnotairesrhone.fr\/index.php?rest_route=\/wp\/v2\/types\/page"}],"author":[{"embeddable":true,"href":"https:\/\/www.relevesnotairesrhone.fr\/index.php?rest_route=\/wp\/v2\/users\/2"}],"replies":[{"embeddable":true,"href":"https:\/\/www.relevesnotairesrhone.fr\/index.php?rest_route=%2Fwp%2Fv2%2Fcomments&post=83"}],"version-history":[{"count":0,"href":"https:\/\/www.relevesnotairesrhone.fr\/index.php?rest_route=\/wp\/v2\/pages\/83\/revisions"}],"wp:attachment":[{"href":"https:\/\/www.relevesnotairesrhone.fr\/index.php?rest_route=%2Fwp%2Fv2%2Fmedia&parent=83"}],"curies":[{"name":"wp","href":"https:\/\/api.w.org\/{rel}","templated":true}]}}